{"id":724,"date":"2024-11-19T11:19:27","date_gmt":"2024-11-19T10:19:27","guid":{"rendered":"https:\/\/www.eco-medie.be\/?page_id=724"},"modified":"2024-11-19T11:19:27","modified_gmt":"2024-11-19T10:19:27","slug":"philosophie-sociale-moins-dinegalite","status":"publish","type":"page","link":"https:\/\/www.eco-medie.be\/?page_id=724","title":{"rendered":"Philosophie Sociale, Moins d&rsquo;in\u00e9galit\u00e9"},"content":{"rendered":"\n<p>J\u2019ai \u00e9galement \u00e9crit un livre de philosophie sociale. Il peut \u00eatre obtenu en format papier ou \u00e9lectronique sur la plateforme d\u2019auto\u00e9dition BoD, ainsi que sur diverses plateformes de librairies.<\/p>\n\n\n\n<p>Le titre est \u00ab&nbsp;Moins d\u2019in\u00e9galit\u00e9&nbsp;: il faut trouver la voie&nbsp;\u00bb.<\/p>\n\n\n\n<p>Plus d\u2019informations \u00e0 l\u2019adresse&nbsp;:<\/p>\n\n\n\n<p><a href=\"https:\/\/librairie.bod.fr\/moins-dinegalite-il-faut-trouver-la-voie-paul-jael-9782322541942\">https:\/\/librairie.bod.fr\/moins-dinegalite-il-faut-trouver-la-voie-paul-jael-9782322541942<\/a><br><br><\/p>\n\n\n\n<figure class=\"wp-block-image size-full\"><img loading=\"lazy\" width=\"386\" height=\"574\" src=\"https:\/\/www.eco-medie.be\/wp-content\/uploads\/2024\/11\/image.png\" alt=\"\" class=\"wp-image-725\" srcset=\"https:\/\/www.eco-medie.be\/wp-content\/uploads\/2024\/11\/image.png 386w, https:\/\/www.eco-medie.be\/wp-content\/uploads\/2024\/11\/image-202x300.png 202w\" sizes=\"(max-width: 386px) 100vw, 386px\" \/><\/figure>\n\n\n\n<p>Il faut en effet trouver la voie, tout simplement parce qu\u2019elle est encore introuv\u00e9e. Pour s\u2019en convaincre, il suffit de regarder la situation pr\u00e9valant actuellement dans la plupart des pays. L\u2019in\u00e9galit\u00e9 progresse et ceux qui sont cens\u00e9s la combattre peinent \u00e0 convaincre.<\/p>\n\n\n\n<p>L\u2019ouvrage aborde la question sous ses trois aspects&nbsp;: \u00e9conomique, politique et philosophique.<\/p>\n\n\n\n<p>Les th\u00e8mes abord\u00e9s dans les dix-sept chapitres sont&nbsp;:<\/p>\n\n\n\n<ol type=\"1\"><li>La lutte politique contre l\u2019in\u00e9galit\u00e9 sociale est en panne depuis une quarantaine d\u2019ann\u00e9es.<\/li><li>Pourquoi des \u00e9lecteurs appartenant aux classes d\u00e9favoris\u00e9es votent pour des partis d\u00e9fendant la r\u00e9partition qui leur est d\u00e9favorable&nbsp;?<\/li><li>Mener une politique redistribuant les revenus de fa\u00e7on moins in\u00e9galitaires est d\u2019une difficult\u00e9 extr\u00eame.<\/li><li>L\u2019Union Europ\u00e9enne comme frein et comme atout dans la politique de r\u00e9duction des in\u00e9galit\u00e9s.<\/li><li>Une certaine fa\u00e7on de faire de la politique, malheureusement courante, dessert les ambitions r\u00e9formistes.<\/li><li>Introduction aux concepts \u00e9conomiques relatifs \u00e0 la r\u00e9partition des revenus<\/li><li>L\u2019individu face \u00e0 la collectivit\u00e9<\/li><li>R\u00e9partition et m\u00e9rite. La productivit\u00e9, le talent et l\u2019effort.<\/li><li>Le concept d\u2019<em>exploitation<\/em>, est-il pertinent&nbsp;? Le concept d\u2019in\u00e9galit\u00e9 para\u00eet plus f\u00e9cond.<\/li><li>Trois th\u00e9ories de la justice&nbsp;: l\u2019utilitarisme, le marxisme et la th\u00e9orie de John Rawls.<\/li><li>Suite des th\u00e9ories de la justice&nbsp;: le libertarisme, le communautarisme. La question du constructivisme.<\/li><li>La propri\u00e9t\u00e9 priv\u00e9e du sol. Ceux qui en d\u00e9fendent la l\u00e9gitimit\u00e9 et ceux qui la contestent.<\/li><li>Quel syst\u00e8me \u00e9conomique b\u00e2tir pour r\u00e9duire l\u2019in\u00e9galit\u00e9&nbsp;? C\u2019est une erreur de consid\u00e9rer que la question rel\u00e8ve d\u2019un choix dual entre capitalisme et socialisme. Il y a une multitude de socialismes et autant de capitalismes. L\u2019ouvrage pr\u00e9conise une combinaison astucieuse de la propri\u00e9t\u00e9 collective avec l\u2019\u00e9conomie de march\u00e9.<\/li><li>Les citoyens deviendraient collectivement propri\u00e9taires de l\u2019\u00e9conomie gr\u00e2ce \u00e0 un fonds commun de placement public.<\/li><li>Diverses r\u00e9formes permettant de r\u00e9duire l\u2019in\u00e9galit\u00e9.<\/li><li>Comment rendre la soci\u00e9t\u00e9 moins mat\u00e9rialiste&nbsp;?<\/li><li>Int\u00e9r\u00eat g\u00e9n\u00e9ral et environnement<\/li><\/ol>\n\n\n\n<p>Conclusion&nbsp;: qu\u2019est-ce que l\u2019extr\u00e9misme&nbsp;? Appendice&nbsp;: la pens\u00e9e de Karl Marx&nbsp;: forces et faiblesses<\/p>\n","protected":false},"excerpt":{"rendered":"<p>J\u2019ai \u00e9galement \u00e9crit un livre de philosophie sociale. Il peut \u00eatre obtenu en format papier ou \u00e9lectronique sur la plateforme d\u2019auto\u00e9dition BoD, ainsi que sur diverses plateformes de librairies. Le titre est \u00ab&nbsp;Moins d\u2019in\u00e9galit\u00e9&nbsp;: il faut trouver la voie&nbsp;\u00bb. Plus d\u2019informations \u00e0 l\u2019adresse&nbsp;: https:\/\/librairie.bod.fr\/moins-dinegalite-il-faut-trouver-la-voie-paul-jael-9782322541942 Il faut en effet trouver la voie, tout simplement parce qu\u2019elle [&hellip;]<\/p>\n","protected":false},"author":1,"featured_media":0,"parent":0,"menu_order":0,"comment_status":"closed","ping_status":"closed","template":"","meta":[],"_links":{"self":[{"href":"https:\/\/www.eco-medie.be\/index.php?rest_route=\/wp\/v2\/pages\/724"}],"collection":[{"href":"https:\/\/www.eco-medie.be\/index.php?rest_route=\/wp\/v2\/pages"}],"about":[{"href":"https:\/\/www.eco-medie.be\/index.php?rest_route=\/wp\/v2\/types\/page"}],"author":[{"embeddable":true,"href":"https:\/\/www.eco-medie.be\/index.php?rest_route=\/wp\/v2\/users\/1"}],"replies":[{"embeddable":true,"href":"https:\/\/www.eco-medie.be\/index.php?rest_route=%2Fwp%2Fv2%2Fcomments&post=724"}],"version-history":[{"count":1,"href":"https:\/\/www.eco-medie.be\/index.php?rest_route=\/wp\/v2\/pages\/724\/revisions"}],"predecessor-version":[{"id":726,"href":"https:\/\/www.eco-medie.be\/index.php?rest_route=\/wp\/v2\/pages\/724\/revisions\/726"}],"wp:attachment":[{"href":"https:\/\/www.eco-medie.be\/index.php?rest_route=%2Fwp%2Fv2%2Fmedia&parent=724"}],"curies":[{"name":"wp","href":"https:\/\/api.w.org\/{rel}","templated":true}]}}