{"id":129,"date":"2019-03-16T21:56:26","date_gmt":"2019-03-16T20:56:26","guid":{"rendered":"http:\/\/www.eco-medie.be\/?page_id=129"},"modified":"2019-04-05T22:59:11","modified_gmt":"2019-04-05T20:59:11","slug":"themes-du-livre-2","status":"publish","type":"page","link":"https:\/\/www.eco-medie.be\/?page_id=129","title":{"rendered":"Chapitres du livre"},"content":{"rendered":"\n<p style=\"font-size:14px\" class=\"has-background has-very-light-gray-background-color\">Certains des fichiers ci-dessous sont plus complets que le chapitre correspondant dans le livre. Un des fichiers expose le compl\u00e9ment de bibliographie qui en r\u00e9sulte.<\/p>\n\n\n\n<p><strong>L&rsquo;\u00e9conomie politique pr\u00e9moderne<\/strong><\/p>\n\n\n\n<ul><li><a href=\"http:\/\/www.eco-medie.be\/wp-content\/uploads\/2019\/04\/01-Hume_Turgot_Smith.pdf\">01- David Hume, Jacques Turgot et Adam Smith<\/a><\/li><li><a href=\"http:\/\/www.eco-medie.be\/wp-content\/uploads\/2019\/03\/02-Ricardo.pdf\">0<\/a><a href=\"http:\/\/www.eco-medie.be\/wp-content\/uploads\/2019\/04\/02-Ricardo.pdf\">2- David Ricardo<\/a><\/li><li><a href=\"http:\/\/www.eco-medie.be\/wp-content\/uploads\/2019\/04\/03-Mill.pdf\">03- James Stuart Mill<\/a><\/li><li><a href=\"http:\/\/www.eco-medie.be\/wp-content\/uploads\/2019\/04\/04-Say.pdf\">04- Jean Baptiste Say<\/a><\/li><li><a href=\"http:\/\/www.eco-medie.be\/wp-content\/uploads\/2019\/04\/05-Malthus-1.pdf\">05- Thomas Robert Malthus<\/a><\/li><li><a href=\"http:\/\/www.eco-medie.be\/wp-content\/uploads\/2019\/04\/06-classiques_monnaie.pdf\">06- Les classiques et la monnaie<\/a><\/li><li><a href=\"http:\/\/www.eco-medie.be\/wp-content\/uploads\/2019\/04\/07-Cournot.pdf\">07- Antoine Augustin Cournot<\/a><\/li><li><a href=\"http:\/\/www.eco-medie.be\/wp-content\/uploads\/2019\/04\/08-Marx.pdf\">08- Karl Marx<\/a><\/li><\/ul>\n\n\n\n<p><strong>L&rsquo;\u00e9cole n\u00e9oclassique<\/strong><\/p>\n\n\n\n<ul><li><a href=\"http:\/\/www.eco-medie.be\/wp-content\/uploads\/2019\/04\/09-Jevons.pdf\">09- William Stanley J<\/a><a href=\"http:\/\/www.eco-medie.be\/wp-content\/uploads\/2019\/03\/09-Jevons.pdf\">evons<\/a><\/li><li><a href=\"http:\/\/www.eco-medie.be\/wp-content\/uploads\/2019\/04\/10-Menger.pdf\">10- Karl Menger<\/a><\/li><li><a href=\"http:\/\/www.eco-medie.be\/wp-content\/uploads\/2019\/04\/11-Walras.pdf\">11- L\u00e9on Walras<\/a><\/li><li><a href=\"http:\/\/www.eco-medie.be\/wp-content\/uploads\/2019\/04\/12-Edgeworth.pdf\">12- Francis Edgeworth<\/a><\/li><li><a href=\"http:\/\/www.eco-medie.be\/wp-content\/uploads\/2019\/04\/13-Clark.pdf\">13- John Bates Clark<\/a><\/li><li><a href=\"http:\/\/www.eco-medie.be\/pdf\/14-Bohm Bawerk.pdf\">14- Eugen von B\u00f6hm Bawerk<\/a><\/li><li><a href=\"http:\/\/www.eco-medie.be\/wp-content\/uploads\/2019\/04\/15-Marshall.pdf\">15- Alfred Marshall<\/a><\/li><li><a href=\"http:\/\/www.eco-medie.be\/wp-content\/uploads\/2019\/04\/16-Wicksteed.pdf\">16- Philip Wicksteed<\/a><\/li><li><a href=\"http:\/\/www.eco-medie.be\/wp-content\/uploads\/2019\/04\/17-Wicksell.pdf\">17- Knut Wicksell<\/a><\/li><li><a href=\"http:\/\/www.eco-medie.be\/wp-content\/uploads\/2019\/04\/18-Pareto.pdf\">18- Vilfredo Pareto<\/a><\/li><li><a href=\"http:\/\/www.eco-medie.be\/wp-content\/uploads\/2019\/04\/19-Fisher.pdf\">19- Irving Fisher<\/a><\/li><li><a href=\"http:\/\/www.eco-medie.be\/wp-content\/uploads\/2019\/04\/20-classiques_neoclassiques.pdf\">20- Les classiques vus par les n\u00e9oclassiques<\/a><\/li><li><a href=\"http:\/\/www.eco-medie.be\/wp-content\/uploads\/2019\/03\/21-Hobson.pdf\">21-  Une voix discordante: Hobson<\/a><\/li><\/ul>\n\n\n\n<p><strong>Le d\u00e9veloppement de l&rsquo;\u00e9cole n\u00e9oclassique<\/strong><\/p>\n\n\n\n<ul><li><a href=\"http:\/\/www.eco-medie.be\/wp-content\/uploads\/2019\/04\/23-Joan_Robinson-1933.pdf\">23- La concurrence imparfaite selon Robinson<\/a><\/li><li><a href=\"http:\/\/www.eco-medie.be\/wp-content\/uploads\/2019\/04\/24-Chamberlin.pdf\">24- La concurrence monopolistique selon Chamberlin<\/a><\/li><li><a href=\"http:\/\/www.eco-medie.be\/wp-content\/uploads\/2019\/04\/25-Hicks_consommation.pdf\">25- Hicks et la consommation<\/a><\/li><li><a href=\"http:\/\/www.eco-medie.be\/wp-content\/uploads\/2019\/04\/26-elasticite_substitution.pdf\">26- L&rsquo;<\/a><em><a href=\"http:\/\/www.eco-medie.be\/wp-content\/uploads\/2019\/04\/26-elasticite_substitution.pdf\">\u00e9lasticit\u00e9 de substitution<\/a><\/em><a href=\"http:\/\/www.eco-medie.be\/wp-content\/uploads\/2019\/04\/26-elasticite_substitution.pdf\">: Hicks et Robinson<\/a><\/li><li><a href=\"http:\/\/www.eco-medie.be\/wp-content\/uploads\/2019\/04\/27-optimum_paretien.pdf\">27- L&rsquo;optimum chez les nouveaux par\u00e9tiens<\/a><\/li><li><a href=\"http:\/\/www.eco-medie.be\/wp-content\/uploads\/2019\/04\/28-macroeconomie_avant_Keynes.pdf\">28- La macro\u00e9conomie avant la <\/a><em><a href=\"http:\/\/www.eco-medie.be\/wp-content\/uploads\/2019\/04\/28-macroeconomie_avant_Keynes.pdf\">Th\u00e9orie G\u00e9n\u00e9rale<\/a><\/em><\/li><li><a href=\"http:\/\/www.eco-medie.be\/wp-content\/uploads\/2019\/04\/29-Cobb_Douglas.pdf\">29- Les fonctions agr\u00e9g\u00e9es: Cobb et Douglas<\/a><\/li><\/ul>\n\n\n\n<p><strong>La contestation de l&rsquo;\u00e9conomie n\u00e9oclassique<\/strong><\/p>\n\n\n\n<ul><li><a href=\"http:\/\/www.eco-medie.be\/wp-content\/uploads\/2019\/04\/30-Keynes.pdf\">30- La r\u00e9volution keyn\u00e9sienne<\/a><\/li><li><a href=\"http:\/\/www.eco-medie.be\/wp-content\/uploads\/2019\/04\/31-Sraffa.pdf\">31- Sraffa remet Ricardo \u00e0 l&rsquo;honneur<\/a><\/li><li><a href=\"http:\/\/www.eco-medie.be\/wp-content\/uploads\/2019\/04\/32-controverse_2_Cambridges.pdf\">32- La controverse des deux Cambridges<\/a><\/li><li><a href=\"http:\/\/www.eco-medie.be\/wp-content\/uploads\/2019\/04\/33-ricardiens.pdf\">33- N\u00e9oricardiens, th\u00e9or\u00e8mes de non-substitution<\/a><\/li><li><a href=\"http:\/\/www.eco-medie.be\/wp-content\/uploads\/2019\/04\/34-debat_marginalisme.pdf\">34- Le d\u00e9bat sur le marginalisme<\/a><\/li><\/ul>\n\n\n\n<p><strong>Les n\u00e9owalrassiens<\/strong><\/p>\n\n\n\n<ul><li><a href=\"http:\/\/www.eco-medie.be\/wp-content\/uploads\/2019\/04\/35-modele_Walras_Cassel.pdf\">35- Cassel, le \u00ab\u00a0colloq<\/a><a href=\"http:\/\/www.eco-medie.be\/wp-content\/uploads\/2019\/03\/35-modele_Walras_Cassel.pdf\">ue viennois\u00a0\u00bb<\/a><\/li><li><a href=\"http:\/\/www.eco-medie.be\/wp-content\/uploads\/2019\/04\/36-Hicks-value_capital.pdf\">36- Hicks: <\/a><em><a href=\"http:\/\/www.eco-medie.be\/wp-content\/uploads\/2019\/04\/36-Hicks-value_capital.pdf\">Value and Capital<\/a><\/em><\/li><li><a href=\"http:\/\/www.eco-medie.be\/wp-content\/uploads\/2019\/04\/37-Arrow_Debreu.pdf\">37- Le mod\u00e8le d&rsquo;Arrow et Debreu<\/a><\/li><li><a href=\"http:\/\/www.eco-medie.be\/wp-content\/uploads\/2019\/04\/38-Malinvaud.pdf\">38- Malinvaud et le capital<\/a><\/li><li><a href=\"http:\/\/www.eco-medie.be\/wp-content\/uploads\/2019\/04\/39-etats_contingents.pdf\">39- Les \u00e9tats contingents<\/a><\/li><li><a href=\"http:\/\/www.eco-medie.be\/wp-content\/uploads\/2019\/04\/40-Lange-Patinkin.pdf\">40- La monnaie selon Lange et Patinkin<\/a><\/li><li><a href=\"http:\/\/www.eco-medie.be\/wp-content\/uploads\/2019\/04\/41-Equil_general_monnaie.pdf\">41- Quelle place pour la monnaie ?<\/a><\/li><\/ul>\n\n\n\n<p><strong>Les d\u00e9bats macro\u00e9conomiques apr\u00e8s Keynes<\/strong><\/p>\n\n\n\n<ul><li><a href=\"http:\/\/www.eco-medie.be\/wp-content\/uploads\/2019\/04\/42-synth_Keyens_neoclassique.pdf\">42- La synth\u00e8se n\u00e9oclassique-keyn\u00e9sienne<\/a><\/li><li><a href=\"http:\/\/www.eco-medie.be\/wp-content\/uploads\/2019\/04\/43-monetarisme.pdf\">43- Le mon\u00e9tarisme<\/a><\/li><li><a href=\"http:\/\/www.eco-medie.be\/wp-content\/uploads\/2019\/04\/44-effet_Pigou.pdf\">44- <\/a><em><a href=\"http:\/\/www.eco-medie.be\/wp-content\/uploads\/2019\/04\/44-effet_Pigou.pdf\">Effet de richesse<\/a><\/em><a href=\"http:\/\/www.eco-medie.be\/wp-content\/uploads\/2019\/04\/44-effet_Pigou.pdf\"> et baisse des prix<\/a><\/li><li><a href=\"http:\/\/www.eco-medie.be\/wp-content\/uploads\/2019\/04\/45-endettement.pdf\">45- La dette publique<\/a><\/li><li><a href=\"http:\/\/www.eco-medie.be\/wp-content\/uploads\/2019\/04\/46-courbe_Phillips.pdf\">46- La courbe de Phillips et l&rsquo;inflation<\/a><\/li><li><a href=\"http:\/\/www.eco-medie.be\/wp-content\/uploads\/2019\/04\/47-nouveaux_classiques.pdf\">47- Les <\/a><em><a href=\"http:\/\/www.eco-medie.be\/wp-content\/uploads\/2019\/04\/47-nouveaux_classiques.pdf\">nouvaux classiques<\/a><\/em><\/li><li><a href=\"http:\/\/www.eco-medie.be\/wp-content\/uploads\/2019\/03\/48-ecole_desequilibre.pdf\">48- L&rsquo;\u00e9cole du d\u00e9s\u00e9quilibre<\/a><\/li><li><a href=\"http:\/\/www.eco-medie.be\/wp-content\/uploads\/2019\/04\/49-post_keynesiens.pdf\">49- Les <\/a><em><a href=\"http:\/\/www.eco-medie.be\/wp-content\/uploads\/2019\/04\/49-post_keynesiens.pdf\">post-keyn\u00e9siens<\/a><\/em><\/li><li><a href=\"http:\/\/www.eco-medie.be\/wp-content\/uploads\/2019\/03\/50-nouveaux_keynesiens.pdf\">50- Les <\/a><em><a href=\"http:\/\/www.eco-medie.be\/wp-content\/uploads\/2019\/03\/50-nouveaux_keynesiens.pdf\">no<\/a><a href=\"http:\/\/www.eco-medie.be\/wp-content\/uploads\/2019\/04\/50-nouveaux_keynesiens.pdf\">uveaux keyn<\/a><a href=\"http:\/\/www.eco-medie.be\/wp-content\/uploads\/2019\/03\/50-nouveaux_keynesiens.pdf\">\u00e9siens<\/a><\/em><\/li><\/ul>\n\n\n\n<p><strong>Croissance \u00e9conomique et cycle des affaires<\/strong><\/p>\n\n\n\n<ul><li><a href=\"http:\/\/www.eco-medie.be\/wp-content\/uploads\/2019\/04\/51-Ramsey-Koopmans-Phelps.pdf\">51- Ramsey, Koopman<\/a><a href=\"http:\/\/www.eco-medie.be\/wp-content\/uploads\/2019\/03\/51-Ramsey-Koopmans-Phelps.pdf\">s, Phelps et la r\u00e8gle d&rsquo;or<\/a><\/li><li><a href=\"http:\/\/www.eco-medie.be\/wp-content\/uploads\/2019\/04\/52-Harrod_Domar.pdf\">52- Harrod et Domar: croissance instable<\/a><\/li><li><a href=\"http:\/\/www.eco-medie.be\/wp-content\/uploads\/2019\/04\/53-Solow_Swan.pdf\">53- Slow et Swan: croissance stable<\/a><\/li><li><a href=\"http:\/\/www.eco-medie.be\/wp-content\/uploads\/2019\/04\/54-progres_technique.pdf\">54- Croissance et progr\u00e8s technique<\/a><\/li><li><a href=\"http:\/\/www.eco-medie.be\/wp-content\/uploads\/2019\/04\/55-croissance_Cambridge.pdf\">55- La croissance vue de Cambridge<\/a><\/li><li><a href=\"http:\/\/www.eco-medie.be\/wp-content\/uploads\/2019\/04\/56-croissance_endogene.pdf\">56- La croissance endog\u00e8ne<\/a><\/li><li><a href=\"http:\/\/www.eco-medie.be\/pdf\/57-cycle_surinvestissement.pdf\">57- Le cycle conjoncturel caus\u00e9 par le surinvestissement<\/a><\/li><li><a href=\"http:\/\/www.eco-medie.be\/wp-content\/uploads\/2019\/03\/58-cycle_monetaire.pdf\">5<\/a><a href=\"http:\/\/www.eco-medie.be\/wp-content\/uploads\/2019\/04\/58-cycle_monetaire.pdf\">8- Le cycle conjonctur<\/a><a href=\"http:\/\/www.eco-medie.be\/wp-content\/uploads\/2019\/03\/58-cycle_monetaire.pdf\">el vu par Hayek<\/a><\/li><li><a href=\"http:\/\/www.eco-medie.be\/wp-content\/uploads\/2019\/04\/59-cycle_reel.pdf\">59- Th\u00e9orie du cycle \u00e9conomique r\u00e9el<\/a><\/li><\/ul>\n\n\n\n<p><strong>Quelques th\u00e9ories et quelques d\u00e9bats importants<\/strong><\/p>\n\n\n\n<ul><li><a href=\"http:\/\/www.eco-medie.be\/wp-content\/uploads\/2019\/04\/60-Pigou_welfare.pdf\">60- <\/a><em><a href=\"http:\/\/www.eco-medie.be\/wp-content\/uploads\/2019\/04\/60-Pigou_welfare.pdf\">L&rsquo;\u00e9conomie du bien-\u00eatr<\/a><\/em><a href=\"http:\/\/www.eco-medie.be\/wp-content\/uploads\/2019\/03\/60-Pigou_welfare.pdf\"><em>e<\/em> selon Pigou<\/a><\/li><li>61- <a href=\"http:\/\/www.eco-medie.be\/wp-content\/uploads\/2019\/03\/61-Theorie_autrichienne.pdf\">Fa<\/a><a href=\"http:\/\/www.eco-medie.be\/wp-content\/uploads\/2019\/04\/61-Theorie_autrichienne.pdf\">ut-il croire en la<\/a><a href=\"http:\/\/www.eco-medie.be\/wp-content\/uploads\/2019\/03\/61-Theorie_autrichienne.pdf\"> th\u00e9orie autrichienne du capital ?<\/a><\/li><li><a href=\"http:\/\/www.eco-medie.be\/wp-content\/uploads\/2019\/04\/62-incertitude.pdf\">62- L&rsquo;incertitude<\/a><\/li><li><a href=\"http:\/\/www.eco-medie.be\/wp-content\/uploads\/2019\/04\/63-consommation.pdf\">63- La consommation<\/a><\/li><li><a href=\"http:\/\/www.eco-medie.be\/wp-content\/uploads\/2019\/04\/64-investissement.pdf\">64- L&rsquo;investissement et la capital<\/a><\/li><li><a href=\"http:\/\/www.eco-medie.be\/wp-content\/uploads\/2019\/04\/65-pourquoi_entreprises.pdf\">65- Pourquoi y a-t-il des entreprises ?<\/a><\/li><\/ul>\n\n\n\n<p><strong>Conclusion<\/strong><\/p>\n\n\n\n<ul><li>66- <a href=\"http:\/\/www.eco-medie.be\/wp-content\/uploads\/2019\/04\/66-critique_economie_politique.pdf\">Critique de l&rsquo;\u00e9conomie politique<\/a><\/li><\/ul>\n\n\n\n<p><strong>Divers<\/strong><\/p>\n\n\n\n<ul><li><em><a href=\"http:\/\/www.eco-medie.be\/wp-content\/uploads\/2019\/03\/Biblio-complem.pdf\">C<\/a><a href=\"http:\/\/www.eco-medie.be\/wp-content\/uploads\/2019\/04\/Biblio-complem.pdf\">ompl\u00e9ment de bibliographie<\/a><\/em><\/li><li><a href=\"http:\/\/www.eco-medie.be\/wp-content\/uploads\/2019\/03\/22-Robertson.pdf\">R<\/a><a href=\"http:\/\/www.eco-medie.be\/wp-content\/uploads\/2019\/04\/22-Robertson.pdf\">obertson et la th\u00e9orie des fo<\/a><a href=\"http:\/\/www.eco-medie.be\/wp-content\/uploads\/2019\/03\/22-Robertson.pdf\">nds pr\u00eatables<\/a><\/li><\/ul>\n\n\n\n<p><\/p>\n","protected":false},"excerpt":{"rendered":"<p>Certains des fichiers ci-dessous sont plus complets que le chapitre correspondant dans le livre. Un des fichiers expose le compl\u00e9ment de bibliographie qui en r\u00e9sulte. L&rsquo;\u00e9conomie politique pr\u00e9moderne 01- David Hume, Jacques Turgot et Adam Smith 02- David Ricardo 03- James Stuart Mill 04- Jean Baptiste Say 05- Thomas Robert Malthus 06- Les classiques et [&hellip;]<\/p>\n","protected":false},"author":1,"featured_media":0,"parent":0,"menu_order":0,"comment_status":"closed","ping_status":"closed","template":"","meta":[],"_links":{"self":[{"href":"https:\/\/www.eco-medie.be\/index.php?rest_route=\/wp\/v2\/pages\/129"}],"collection":[{"href":"https:\/\/www.eco-medie.be\/index.php?rest_route=\/wp\/v2\/pages"}],"about":[{"href":"https:\/\/www.eco-medie.be\/index.php?rest_route=\/wp\/v2\/types\/page"}],"author":[{"embeddable":true,"href":"https:\/\/www.eco-medie.be\/index.php?rest_route=\/wp\/v2\/users\/1"}],"replies":[{"embeddable":true,"href":"https:\/\/www.eco-medie.be\/index.php?rest_route=%2Fwp%2Fv2%2Fcomments&post=129"}],"version-history":[{"count":45,"href":"https:\/\/www.eco-medie.be\/index.php?rest_route=\/wp\/v2\/pages\/129\/revisions"}],"predecessor-version":[{"id":606,"href":"https:\/\/www.eco-medie.be\/index.php?rest_route=\/wp\/v2\/pages\/129\/revisions\/606"}],"wp:attachment":[{"href":"https:\/\/www.eco-medie.be\/index.php?rest_route=%2Fwp%2Fv2%2Fmedia&parent=129"}],"curies":[{"name":"wp","href":"https:\/\/api.w.org\/{rel}","templated":true}]}}